{"id":309,"date":"2020-04-17T18:05:04","date_gmt":"2020-04-17T16:05:04","guid":{"rendered":"https:\/\/klbtheme.com\/shopwise\/fashion\/?page_id=309"},"modified":"2023-04-12T01:06:56","modified_gmt":"2023-04-11T23:06:56","slug":"contact","status":"publish","type":"page","link":"https:\/\/ilovemypopotin.fr\/blog\/contact\/","title":{"rendered":"Contact"},"content":{"rendered":"\t\t<div data-elementor-type=\"wp-page\" data-elementor-id=\"309\" class=\"elementor elementor-309\" data-elementor-settings=\"[]\">\n\t\t\t\t\t\t<div class=\"elementor-inner\">\n\t\t\t\t\t\t\t<div class=\"elementor-section-wrap\">\n\t\t\t\t\t\t\t<section data-particle_enable=\"false\" data-particle-mobile-disabled=\"false\" class=\"elementor-section elementor-top-section elementor-element elementor-element-86236e1 elementor-section-full_width elementor-section-height-default elementor-section-height-default\" data-id=\"86236e1\" data-element_type=\"section\">\n\t\t\t\t\t\t<div class=\"elementor-container elementor-column-gap-no\">\n\t\t\t\t\t\t\t<div class=\"elementor-row\">\n\t\t\t\t\t<div class=\"elementor-column elementor-col-100 elementor-top-column elementor-element elementor-element-305e208\" data-id=\"305e208\" data-element_type=\"column\">\n\t\t\t<div class=\"elementor-column-wrap elementor-element-populated\">\n\t\t\t\t\t\t\t<div class=\"elementor-widget-wrap\">\n\t\t\t\t\t\t<div class=\"elementor-element elementor-element-56b50fc elementor-widget elementor-widget-shopwise-breadcrumb\" data-id=\"56b50fc\" data-element_type=\"widget\" data-widget_type=\"shopwise-breadcrumb.default\">\n\t\t\t\t<div class=\"elementor-widget-container\">\n\t\t\t<div class=\"breadcrumb_section bg_gray page-title-mini\"><div class=\"container\"><div class=\"row align-items-center\"><div class=\"col-md-6\"><div class=\"page-title\"><h1>Contact<\/h1><\/div><\/div><div class=\"col-md-6\"><ol class=\"breadcrumb justify-content-md-end\"><li class=\"breadcrumb-item\"><a  href=\"https:\/\/ilovemypopotin.fr\/blog\" title=\"Home\" rel=\"bookmark\">Home<\/a> <\/li>  <\/ol><\/div><\/div><\/div><\/div>\t\t<\/div>\n\t\t\t\t<\/div>\n\t\t\t\t\t\t<\/div>\n\t\t\t\t\t<\/div>\n\t\t<\/div>\n\t\t\t\t\t\t\t\t<\/div>\n\t\t\t\t\t<\/div>\n\t\t<\/section>\n\t\t\t\t<section data-particle_enable=\"false\" data-particle-mobile-disabled=\"false\" class=\"elementor-section elementor-top-section elementor-element elementor-element-cb6cbdf elementor-section-boxed elementor-section-height-default elementor-section-height-default\" data-id=\"cb6cbdf\" data-element_type=\"section\">\n\t\t\t\t\t\t<div class=\"elementor-container elementor-column-gap-extended\">\n\t\t\t\t\t\t\t<div class=\"elementor-row\">\n\t\t\t\t\t<div class=\"elementor-column elementor-col-33 elementor-top-column elementor-element elementor-element-922b6e8\" data-id=\"922b6e8\" data-element_type=\"column\">\n\t\t\t<div class=\"elementor-column-wrap elementor-element-populated\">\n\t\t\t\t\t\t\t<div class=\"elementor-widget-wrap\">\n\t\t\t\t\t\t<div class=\"elementor-element elementor-element-48988a6 elementor-widget elementor-widget-shopwise-icon-box\" data-id=\"48988a6\" data-element_type=\"widget\" data-widget_type=\"shopwise-icon-box.default\">\n\t\t\t\t<div class=\"elementor-widget-container\">\n\t\t\t<div class=\"contact_wrap contact_style3\"><div class=\"contact_icon\"><i class=\"linearicons-map2\"><\/i><\/div><div class=\"contact_text\"><span>Addresse<\/span><p>Si vous voulez r\u00e9cup\u00e9rer une commande merci de nous appeler au 07 52 53 54 35 ou envoyez un message sur notre whatapp PRO.\nNotre si\u00e8ge social est au : 62 rue Racine 94120 Fontenay Sous Bois<\/p><\/div><\/div>\t\t<\/div>\n\t\t\t\t<\/div>\n\t\t\t\t\t\t<\/div>\n\t\t\t\t\t<\/div>\n\t\t<\/div>\n\t\t\t\t<div class=\"elementor-column elementor-col-33 elementor-top-column elementor-element elementor-element-ca98bfd\" data-id=\"ca98bfd\" data-element_type=\"column\">\n\t\t\t<div class=\"elementor-column-wrap elementor-element-populated\">\n\t\t\t\t\t\t\t<div class=\"elementor-widget-wrap\">\n\t\t\t\t\t\t<div class=\"elementor-element elementor-element-85e4a62 elementor-widget elementor-widget-shopwise-icon-box\" data-id=\"85e4a62\" data-element_type=\"widget\" data-widget_type=\"shopwise-icon-box.default\">\n\t\t\t\t<div class=\"elementor-widget-container\">\n\t\t\t<div class=\"contact_wrap contact_style3\"><div class=\"contact_icon\"><i class=\"linearicons-envelope-open\"><\/i><\/div><div class=\"contact_text\"><span>Mail<\/span><p><a href=\"mailto:contact@ilovemypopotin.fr\">contact@ilovemypopotin.fr<\/a><\/p><\/div><\/div>\t\t<\/div>\n\t\t\t\t<\/div>\n\t\t\t\t\t\t<\/div>\n\t\t\t\t\t<\/div>\n\t\t<\/div>\n\t\t\t\t<div class=\"elementor-column elementor-col-33 elementor-top-column elementor-element elementor-element-384abcc\" data-id=\"384abcc\" data-element_type=\"column\">\n\t\t\t<div class=\"elementor-column-wrap elementor-element-populated\">\n\t\t\t\t\t\t\t<div class=\"elementor-widget-wrap\">\n\t\t\t\t\t\t<div class=\"elementor-element elementor-element-7abb18a elementor-widget elementor-widget-shopwise-icon-box\" data-id=\"7abb18a\" data-element_type=\"widget\" data-widget_type=\"shopwise-icon-box.default\">\n\t\t\t\t<div class=\"elementor-widget-container\">\n\t\t\t<div class=\"contact_wrap contact_style3\"><div class=\"contact_icon\"><i class=\"linearicons-tablet2\"><\/i><\/div><div class=\"contact_text\"><span>T\u00e9l\u00e9phone \/ Whatapp<\/span><p><a href=\"tel:+33752535435\">07 52 53 54 35<\/a><\/p><\/div><\/div>\t\t<\/div>\n\t\t\t\t<\/div>\n\t\t\t\t\t\t<\/div>\n\t\t\t\t\t<\/div>\n\t\t<\/div>\n\t\t\t\t\t\t\t\t<\/div>\n\t\t\t\t\t<\/div>\n\t\t<\/section>\n\t\t\t\t<section data-particle_enable=\"false\" data-particle-mobile-disabled=\"false\" class=\"elementor-section elementor-top-section elementor-element elementor-element-399b776 elementor-section-boxed elementor-section-height-default elementor-section-height-default\" data-id=\"399b776\" data-element_type=\"section\">\n\t\t\t\t\t\t<div class=\"elementor-container elementor-column-gap-extended\">\n\t\t\t\t\t\t\t<div class=\"elementor-row\">\n\t\t\t\t\t<div class=\"elementor-column elementor-col-50 elementor-top-column elementor-element elementor-element-bd6f552\" data-id=\"bd6f552\" data-element_type=\"column\">\n\t\t\t<div class=\"elementor-column-wrap elementor-element-populated\">\n\t\t\t\t\t\t\t<div class=\"elementor-widget-wrap\">\n\t\t\t\t\t\t<div class=\"elementor-element elementor-element-685c7ea elementor-widget elementor-widget-shopwise-contact-form-7\" data-id=\"685c7ea\" data-element_type=\"widget\" data-widget_type=\"shopwise-contact-form-7.default\">\n\t\t\t\t<div class=\"elementor-widget-container\">\n\t\t\t<div class=\"klb-contact-form\"><div class=\"heading_s1\"><h2>Une question?<\/h2><\/div><p class=\"leads\">N&#039;h\u00e9sitez pas \u00e0 nous envoyer vos questions via le formulaire suivant, un retour vous sera fait sous 24 \u00e0 48h.<\/p><div role=\"form\" class=\"wpcf7\" id=\"wpcf7-f319-o1\" lang=\"en-US\" dir=\"ltr\">\n<div class=\"screen-reader-response\"><p role=\"status\" aria-live=\"polite\" aria-atomic=\"true\"><\/p> <ul><\/ul><\/div>\n<form action=\"\/blog\/wp-json\/wp\/v2\/pages\/309#wpcf7-f319-o1\" method=\"post\" class=\"wpcf7-form init\" novalidate=\"novalidate\" data-status=\"init\">\n<div style=\"display: none;\">\n<input type=\"hidden\" name=\"_wpcf7\" value=\"319\" \/>\n<input type=\"hidden\" name=\"_wpcf7_version\" value=\"5.5.6\" \/>\n<input type=\"hidden\" name=\"_wpcf7_locale\" value=\"en_US\" \/>\n<input type=\"hidden\" name=\"_wpcf7_unit_tag\" value=\"wpcf7-f319-o1\" \/>\n<input type=\"hidden\" name=\"_wpcf7_container_post\" value=\"0\" \/>\n<input type=\"hidden\" name=\"_wpcf7_posted_data_hash\" value=\"\" \/>\n<input type=\"hidden\" name=\"_wpcf7_recaptcha_response\" value=\"\" \/>\n<\/div>\n<p><span class=\"wpcf7-form-control-wrap your-name\"><input type=\"text\" name=\"your-name\" value=\"\" size=\"40\" class=\"wpcf7-form-control wpcf7-text wpcf7-validates-as-required\" aria-required=\"true\" aria-invalid=\"false\" placeholder=\"Nom *\" \/><\/span><\/p>\n<p><span class=\"wpcf7-form-control-wrap your-tel\"><input type=\"tel\" name=\"your-tel\" value=\"\" size=\"40\" class=\"wpcf7-form-control wpcf7-text wpcf7-tel wpcf7-validates-as-required wpcf7-validates-as-tel\" aria-required=\"true\" aria-invalid=\"false\" placeholder=\"T\u00e9l\u00e9phone *\" \/><\/span><\/p>\n<p><span class=\"wpcf7-form-control-wrap your-email\"><input type=\"email\" name=\"your-email\" value=\"\" size=\"40\" class=\"wpcf7-form-control wpcf7-text wpcf7-email wpcf7-validates-as-required wpcf7-validates-as-email\" aria-required=\"true\" aria-invalid=\"false\" placeholder=\"Email *\" \/><\/span><\/p>\n<p><span class=\"wpcf7-form-control-wrap your-subject\"><input type=\"text\" name=\"your-subject\" value=\"\" size=\"40\" class=\"wpcf7-form-control wpcf7-text\" aria-invalid=\"false\" placeholder=\"Object\" \/><\/span><\/p>\n<p><span class=\"wpcf7-form-control-wrap your-message\"><textarea name=\"your-message\" cols=\"40\" rows=\"10\" class=\"wpcf7-form-control wpcf7-textarea\" aria-invalid=\"false\" placeholder=\"Message\"><\/textarea><\/span><\/p>\n<p><input type=\"submit\" value=\"Envoyer\" class=\"wpcf7-form-control has-spinner wpcf7-submit\" \/><\/p>\n<div class=\"wpcf7-response-output\" aria-hidden=\"true\"><\/div><\/form><\/div><\/div>\t\t<\/div>\n\t\t\t\t<\/div>\n\t\t\t\t\t\t<\/div>\n\t\t\t\t\t<\/div>\n\t\t<\/div>\n\t\t\t\t<div class=\"elementor-column elementor-col-50 elementor-top-column elementor-element elementor-element-0e10251\" data-id=\"0e10251\" data-element_type=\"column\">\n\t\t\t<div class=\"elementor-column-wrap elementor-element-populated\">\n\t\t\t\t\t\t\t<div class=\"elementor-widget-wrap\">\n\t\t\t\t\t\t<div class=\"elementor-element elementor-element-ecde06b elementor-widget elementor-widget-google_maps\" data-id=\"ecde06b\" data-element_type=\"widget\" data-widget_type=\"google_maps.default\">\n\t\t\t\t<div class=\"elementor-widget-container\">\n\t\t\t\t\t<div class=\"elementor-custom-embed\">\n\t\t\t<iframe frameborder=\"0\" scrolling=\"no\" marginheight=\"0\" marginwidth=\"0\"\n\t\t\t\t\tsrc=\"https:\/\/maps.google.com\/maps?q=i%20love%20my%20popotin&#038;t=m&#038;z=15&#038;output=embed&#038;iwloc=near\"\n\t\t\t\t\ttitle=\"i love my popotin\"\n\t\t\t\t\taria-label=\"i love my popotin\"\n\t\t\t><\/iframe>\n\t\t<\/div>\n\t\t\t\t<\/div>\n\t\t\t\t<\/div>\n\t\t\t\t\t\t<\/div>\n\t\t\t\t\t<\/div>\n\t\t<\/div>\n\t\t\t\t\t\t\t\t<\/div>\n\t\t\t\t\t<\/div>\n\t\t<\/section>\n\t\t\t\t\t\t<\/div>\n\t\t\t\t\t\t<\/div>\n\t\t\t\t\t<\/div>\n\t\t","protected":false},"excerpt":{"rendered":"<p>Contact Home Addresse Si vous voulez r\u00e9cup\u00e9rer une commande merci de nous appeler au 07 52 53 54 35 ou envoyez un message sur notre whatapp PRO. Notre si\u00e8ge social est au : 62 rue Racine 94120 Fontenay Sous Bois Mail contact@ilovemypopotin.fr T\u00e9l\u00e9phone \/ Whatapp 07 52 53 54 35 Une question? N&#039;h\u00e9sitez pas \u00e0<\/p>\n<div class=\"read-more\"><a class=\"btn btn-fill-out\" href=\"https:\/\/ilovemypopotin.fr\/blog\/contact\/\">Lire la suite<\/a><\/div>\n","protected":false},"author":46660,"featured_media":0,"parent":0,"menu_order":0,"comment_status":"closed","ping_status":"closed","template":"","meta":[],"yoast_head":"<!-- This site is optimized with the Yoast SEO plugin v18.3 - https:\/\/yoast.com\/wordpress\/plugins\/seo\/ -->\n<title>Contact &bull; I Love My Popotin<\/title>\n<meta name=\"robots\" content=\"index, follow, max-snippet:-1, max-image-preview:large, max-video-preview:-1\" \/>\n<link rel=\"canonical\" href=\"https:\/\/ilovemypopotin.fr\/blog\/contact\/\" \/>\n<meta property=\"og:locale\" content=\"fr_FR\" \/>\n<meta property=\"og:type\" content=\"article\" \/>\n<meta property=\"og:title\" content=\"Contact &bull; I Love My Popotin\" \/>\n<meta property=\"og:description\" content=\"Contact Home Addresse Si vous voulez r\u00e9cup\u00e9rer une commande merci de nous appeler au 07 52 53 54 35 ou envoyez un message sur notre whatapp PRO. Notre si\u00e8ge social est au : 62 rue Racine 94120 Fontenay Sous Bois Mail contact@ilovemypopotin.fr T\u00e9l\u00e9phone \/ Whatapp 07 52 53 54 35 Une question? N&#039;h\u00e9sitez pas \u00e0Lire la suite\" \/>\n<meta property=\"og:url\" content=\"https:\/\/ilovemypopotin.fr\/blog\/contact\/\" \/>\n<meta property=\"og:site_name\" content=\"I Love My Popotin\" \/>\n<meta property=\"article:publisher\" content=\"https:\/\/www.facebook.com\/ilovemypopotin\" \/>\n<meta property=\"article:modified_time\" content=\"2023-04-11T23:06:56+00:00\" \/>\n<meta name=\"twitter:card\" content=\"summary\" \/>\n<meta name=\"twitter:site\" content=\"@ILMYPOPOTIN\" \/>\n<meta name=\"twitter:label1\" content=\"Dur\u00e9e de lecture estim\u00e9e\" \/>\n\t<meta name=\"twitter:data1\" content=\"1 minute\" \/>\n<script type=\"application\/ld+json\" class=\"yoast-schema-graph\">{\"@context\":\"https:\/\/schema.org\",\"@graph\":[{\"@type\":\"Organization\",\"@id\":\"https:\/\/ilovemypopotin.fr\/#organization\",\"name\":\"I Love My Popotin\",\"url\":\"https:\/\/ilovemypopotin.fr\/\",\"sameAs\":[\"https:\/\/www.facebook.com\/ilovemypopotin\",\"https:\/\/www.instagram.com\/ilovemypopotin\/\",\"https:\/\/www.youtube.com\/channel\/UCrpbt5Cog5fqa8mZJhFrOXQ\",\"https:\/\/fr.pinterest.com\/ilovemypopotin\/\",\"https:\/\/twitter.com\/ILMYPOPOTIN\"],\"logo\":{\"@type\":\"ImageObject\",\"@id\":\"https:\/\/ilovemypopotin.fr\/#logo\",\"inLanguage\":\"fr-FR\",\"url\":\"https:\/\/ilovemypopotin.fr\/blog\/wp-content\/uploads\/2020\/06\/logo-carre.png\",\"contentUrl\":\"https:\/\/ilovemypopotin.fr\/blog\/wp-content\/uploads\/2020\/06\/logo-carre.png\",\"width\":500,\"height\":500,\"caption\":\"I Love My Popotin\"},\"image\":{\"@id\":\"https:\/\/ilovemypopotin.fr\/#logo\"}},{\"@type\":\"WebSite\",\"@id\":\"https:\/\/ilovemypopotin.fr\/#website\",\"url\":\"https:\/\/ilovemypopotin.fr\/\",\"name\":\"I Love My Popotin\",\"description\":\"Musclez vos fesses pas vos complexes !\",\"publisher\":{\"@id\":\"https:\/\/ilovemypopotin.fr\/#organization\"},\"potentialAction\":[{\"@type\":\"SearchAction\",\"target\":{\"@type\":\"EntryPoint\",\"urlTemplate\":\"https:\/\/ilovemypopotin.fr\/?s={search_term_string}\"},\"query-input\":\"required name=search_term_string\"}],\"inLanguage\":\"fr-FR\"},{\"@type\":\"WebPage\",\"@id\":\"https:\/\/ilovemypopotin.fr\/blog\/contact\/#webpage\",\"url\":\"https:\/\/ilovemypopotin.fr\/blog\/contact\/\",\"name\":\"Contact &bull; I Love My Popotin\",\"isPartOf\":{\"@id\":\"https:\/\/ilovemypopotin.fr\/#website\"},\"datePublished\":\"2020-04-17T16:05:04+00:00\",\"dateModified\":\"2023-04-11T23:06:56+00:00\",\"breadcrumb\":{\"@id\":\"https:\/\/ilovemypopotin.fr\/blog\/contact\/#breadcrumb\"},\"inLanguage\":\"fr-FR\",\"potentialAction\":[{\"@type\":\"ReadAction\",\"target\":[\"https:\/\/ilovemypopotin.fr\/blog\/contact\/\"]}]},{\"@type\":\"BreadcrumbList\",\"@id\":\"https:\/\/ilovemypopotin.fr\/blog\/contact\/#breadcrumb\",\"itemListElement\":[{\"@type\":\"ListItem\",\"position\":1,\"name\":\"Accueil\",\"item\":\"https:\/\/ilovemypopotin.fr\/blog\/\"},{\"@type\":\"ListItem\",\"position\":2,\"name\":\"Contact\"}]}]}<\/script>\n<!-- \/ Yoast SEO plugin. -->","yoast_head_json":{"title":"Contact &bull; I Love My Popotin","robots":{"index":"index","follow":"follow","max-snippet":"max-snippet:-1","max-image-preview":"max-image-preview:large","max-video-preview":"max-video-preview:-1"},"canonical":"https:\/\/ilovemypopotin.fr\/blog\/contact\/","og_locale":"fr_FR","og_type":"article","og_title":"Contact &bull; I Love My Popotin","og_description":"Contact Home Addresse Si vous voulez r\u00e9cup\u00e9rer une commande merci de nous appeler au 07 52 53 54 35 ou envoyez un message sur notre whatapp PRO. Notre si\u00e8ge social est au : 62 rue Racine 94120 Fontenay Sous Bois Mail contact@ilovemypopotin.fr T\u00e9l\u00e9phone \/ Whatapp 07 52 53 54 35 Une question? N&#039;h\u00e9sitez pas \u00e0Lire la suite","og_url":"https:\/\/ilovemypopotin.fr\/blog\/contact\/","og_site_name":"I Love My Popotin","article_publisher":"https:\/\/www.facebook.com\/ilovemypopotin","article_modified_time":"2023-04-11T23:06:56+00:00","twitter_card":"summary","twitter_site":"@ILMYPOPOTIN","twitter_misc":{"Dur\u00e9e de lecture estim\u00e9e":"1 minute"},"schema":{"@context":"https:\/\/schema.org","@graph":[{"@type":"Organization","@id":"https:\/\/ilovemypopotin.fr\/#organization","name":"I Love My Popotin","url":"https:\/\/ilovemypopotin.fr\/","sameAs":["https:\/\/www.facebook.com\/ilovemypopotin","https:\/\/www.instagram.com\/ilovemypopotin\/","https:\/\/www.youtube.com\/channel\/UCrpbt5Cog5fqa8mZJhFrOXQ","https:\/\/fr.pinterest.com\/ilovemypopotin\/","https:\/\/twitter.com\/ILMYPOPOTIN"],"logo":{"@type":"ImageObject","@id":"https:\/\/ilovemypopotin.fr\/#logo","inLanguage":"fr-FR","url":"https:\/\/ilovemypopotin.fr\/blog\/wp-content\/uploads\/2020\/06\/logo-carre.png","contentUrl":"https:\/\/ilovemypopotin.fr\/blog\/wp-content\/uploads\/2020\/06\/logo-carre.png","width":500,"height":500,"caption":"I Love My Popotin"},"image":{"@id":"https:\/\/ilovemypopotin.fr\/#logo"}},{"@type":"WebSite","@id":"https:\/\/ilovemypopotin.fr\/#website","url":"https:\/\/ilovemypopotin.fr\/","name":"I Love My Popotin","description":"Musclez vos fesses pas vos complexes !","publisher":{"@id":"https:\/\/ilovemypopotin.fr\/#organization"},"potentialAction":[{"@type":"SearchAction","target":{"@type":"EntryPoint","urlTemplate":"https:\/\/ilovemypopotin.fr\/?s={search_term_string}"},"query-input":"required name=search_term_string"}],"inLanguage":"fr-FR"},{"@type":"WebPage","@id":"https:\/\/ilovemypopotin.fr\/blog\/contact\/#webpage","url":"https:\/\/ilovemypopotin.fr\/blog\/contact\/","name":"Contact &bull; I Love My Popotin","isPartOf":{"@id":"https:\/\/ilovemypopotin.fr\/#website"},"datePublished":"2020-04-17T16:05:04+00:00","dateModified":"2023-04-11T23:06:56+00:00","breadcrumb":{"@id":"https:\/\/ilovemypopotin.fr\/blog\/contact\/#breadcrumb"},"inLanguage":"fr-FR","potentialAction":[{"@type":"ReadAction","target":["https:\/\/ilovemypopotin.fr\/blog\/contact\/"]}]},{"@type":"BreadcrumbList","@id":"https:\/\/ilovemypopotin.fr\/blog\/contact\/#breadcrumb","itemListElement":[{"@type":"ListItem","position":1,"name":"Accueil","item":"https:\/\/ilovemypopotin.fr\/blog\/"},{"@type":"ListItem","position":2,"name":"Contact"}]}]}},"_links":{"self":[{"href":"https:\/\/ilovemypopotin.fr\/blog\/wp-json\/wp\/v2\/pages\/309"}],"collection":[{"href":"https:\/\/ilovemypopotin.fr\/blog\/wp-json\/wp\/v2\/pages"}],"about":[{"href":"https:\/\/ilovemypopotin.fr\/blog\/wp-json\/wp\/v2\/types\/page"}],"author":[{"embeddable":true,"href":"https:\/\/ilovemypopotin.fr\/blog\/wp-json\/wp\/v2\/users\/46660"}],"replies":[{"embeddable":true,"href":"https:\/\/ilovemypopotin.fr\/blog\/wp-json\/wp\/v2\/comments?post=309"}],"version-history":[{"count":14,"href":"https:\/\/ilovemypopotin.fr\/blog\/wp-json\/wp\/v2\/pages\/309\/revisions"}],"predecessor-version":[{"id":65003,"href":"https:\/\/ilovemypopotin.fr\/blog\/wp-json\/wp\/v2\/pages\/309\/revisions\/65003"}],"wp:attachment":[{"href":"https:\/\/ilovemypopotin.fr\/blog\/wp-json\/wp\/v2\/media?parent=309"}],"curies":[{"name":"wp","href":"https:\/\/api.w.org\/{rel}","templated":true}]}}